 2*l - 1. Suppose 5*b - 16*b - 11 = 0. Determine a(b).
-8
Suppose -3*r + 5 = 26. Let n(x) = 23*x**2 + 6*x + 0*x - 22*x**2. What is n(r)?
7
Let w(g) be the third derivative of g**5/60 - g**4/24 - g**3/6 - g**2. Let q be (-8)/42*(142 + -163). Determine w(q).
11
Let i be (0 - -1)*-6*-1. Let r(c) = -13*c**2 + 6*c - 9. Let m(o) = -29*o**2 + 12*o - 18. Let q(p) = -4*m(p) + 9*r(p). Calculate q(i).
-9
Suppose 5*a = 8*a - 63. Let k(w) = a*w**3 - 2*w - 5*w**3 + 1 - 3*w**3 + 3*w. Calculate k(-1).
-13
Let v be -4 + 50 + (3 - -1). Let b(z) = 49 - 95 + v - z. Calculate b(-6).
10
Let r(n) = -5 + 7*n**2 + 12*n + 0*n**2 - 8*n**2. Determine r(11).
6
Let n(l) be the third derivative of -l**2 + 0*l - 1/60*l**6 + 1/2*l**3 - 1/60*l**5 + 0 + 1/6*l**4. Let v(d) = d + 11. Let f be v(-13). What is n(f)?
7
Let f(g) = 239*g**3 + 190*g**3 + 22*g**2 - 22*g - 428*g**3 + 19. What is f(-23)?
-4
Let v be (-1)/(-3) - (-38)/(-6). Let p(l) = 2 + 1 - 1412*l**2 + 5*l + 1419*l**2 + l**3 + 1. Calculate p(v).
10
Let g = -887 - -916. Let n(a) = a**2 - 29*a + 4. What is n(g)?
4
Let r(p) = -5*p**3 - 2*p - 1. Suppose 19 = -3*m + 16. Let h be r(m). Let q(d) = d**3 - 6*d**2 - d - 1. Calculate q(h).
-7
Let c(i) = 43958*i + 2*i**2 + i**3 - 43964*i + 3*i**2 + 4. What is c(-6)?
4
Let a(f) = -f + 4. Let o(j) = 2. Let u(q) = -3*a(q) + 5*o(q). Let c = 9 + -7. Suppose -w = -c*w - 4. What is u(w)?
-14
Let y(k) = -4*k - 11. Let l = -430 - -426. What is y(l)?
5
Let l(j) = 2*j**3 - 4*j**2 + 6*j - 11. Let t be l(3). Suppose 8 = 5*z - 9*z, -t = -5*n - 5*z. Let q(p) = p**3 - 6*p**2 - 9*p - 3. What is q(n)?
-17
Suppose -27*d = -29*d - 8. Let c(b) be the third derivative of 3*b**2 - 1/4*b**4 + 0*b - 1/60*b**5 + 0 - 1/3*b**3. Calculate c(d).
6
Let g be (-4)/(-10)*(-3 - -8). Suppose 1 - 1 = -8*x. Suppose x = g*w - 4*a, -a + 6 = 4*w - 3. Let m(h) = -5*h + 2. Calculate m(w).
-8
Let a(d) = -2*d**3 - 7*d**2 - d. Let r be a(-1). Let i(k) = -k + 4. Determine i(r).
8
Suppose -1 + 3 = v. Suppose 4*p = 3*p + 4. Let i(h) = -2*h + 1. Let c(y) = -5*y + 3. Let s(b) = p*c(b) - 11*i(b). Determine s(v).
5
Let l = 15 + -13. Suppose l = -2*d, 2*t = -2*t - 2*d - 34. Let u(c) = -4 - c - 6 - 1. What is u(t)?
-3
Suppose -2*v - 52 = -15*v. Let z(w) be the first derivative of w**4/4 - w**3 - 3*w**2 + 5*w + 6. Determine z(v).
-3
Let q(z) = 8*z**3 + 3*z**2 + 7. Let b(m) = 5*m**3 + 2*m**2 + 5. Suppose 3 = 4*j - 25. Let l(t) = j*b(t) - 5*q(t). Let y = -10 + 11. What is l(y)?
-6
Let q(b) be the third derivative of b**6/120 + b**5/12 + 5*b**4/24 - b**3/3 - 6*b**2 + 23*b. Let t(g) = -3*g + 2. Let a be t(2). What is q(a)?
-6
Let t(p) be the second derivative of -p**4/12 + 5*p**3/6 - p**2 + 67*p - 1. Give t(7).
-16
Let u(t) = -t + 1. Let r = 25 + -1. Suppose 0 = -x - 7*x + r. Calculate u(x).
-2
Let y(f) be the first derivative of -5*f**3/3 + f**2 - 5*f - 74. What is y(4)?
-77
Let g(k) be the second derivative of k**5/60 - k**4/3 + 5*k**3/6 + 7*k**2/2 - 4*k. Let y(l) be the first derivative of g(l). Suppose 3*h - 10 = h. What is y(h)?
-10
Let w(q) be the second derivative of -q**4/12 + q**3 - 5*q**2/2 - 2*q. Let o = 3572 - 3566. Determine w(o).
-5
Let f(y) be the second derivative of 7*y**4/12 - 5*y**3/6 + 5*y**2/2 - y. Let m(s) = -s**2. Let j(g) = f(g) + 6*m(g). What is j(6)?
11
Let p(o) = -o**2 + 3*o - 1. Let s(k) = 5*k**2 - 8*k + 31. Let v(j) = -6*p(j) - s(j). What is v(12)?
-1
Let z be (-86)/(-18) + (-4)/(-18). Suppose 5 = -z*s + 4*f, -4*f = -3 - 17. Suppose -4*o - 20 = 5*k, 4*k = k + s*o - 12. Let l(w) = -2*w - 2. Determine l(k).
6
Let j(p) = p + 1. Let f = 33 - 32. Suppose -o - h - f = 0, 3*o + h - 4*h - 21 = 0. Suppose 0 = -o*q + 5*q - 12. What is j(q)?
7
Suppose 2*v - 3*q - 23 = 0, 2*v + 3*q = 5*q + 20. Suppose -v*a = -2*a. Let j be a/4 + 0 + -1. Let x(h) = -4*h**3 + 2*h**2 + 2*h + 1. Calculate x(j).
5
Let k = -2743 + 2743. Let r(b) = 6 - b + 2*b + 0*b. Give r(k).
6
Let f(s) = s**3 + 4*s**2 - 5*s - 4. Let u be 4/(1/(9/12)). Suppose 53 = 4*n + u*a - 24, -5*n - 3*a = -97. Let m = n - 25. Calculate f(m).
-4
Let r(s) = -2*s + 1. Let q(d) = 3*d - 12. Let y(t) = q(t) + 2*r(t). Let c be 66/(-10) - 8/20. Calculate y(c).
-3
Let l(x) = 2*x**2 + 29*x + 40. Let b be l(-13). Let u(t) = 6*t - 3. What is u(b)?
3
Let k be (-44)/(-28) + 9/21. Let f(i) = -2*i + 5*i - 10*i**3 - k*i. Let z = 4 - 3. Determine f(z).
-9
Let g(a) = a + 14. Let x be g(-5). Let d(p) = p**3 + x - 13 - 4*p**2 - 5*p + 0*p**3. Determine d(5).
-4
Let u(t) = -4*t - 9. Let i be u(-7). Suppose -3*f = -2*y + i, 4*y = 2*f - 11 + 29. Let r(q) = -3*q**2 + 2*q**y - 1 - 2*q**2 - q**3 + q. Determine r(-3).
-4
Let g(y) = -y**2 - 11*y + 4. Suppose 3*s - 7 = 2*d, -5*d + 9*s - 50 = 8*s. Determine g(d).
4
Let p(f) = -2*f + 6*f**3 - 3*f + 7*f**2 + 7*f - 6. Let g(d) = 17*d**3 + 20*d**2 + 6*d - 17. Let b(w) = 4*g(w) - 11*p(w). Determine b(-2).
-10
Let h(j) = -j**3 + j**2 + 2*j - 3. Let i be -4 - (-4 + 4) - -4. Let x be (12/6)/(1 + i + 0). Give h(x).
-3
Let n(c) = 2*c**2 + 5*c - 2*c - 6 + 0*c**2 + c**2. Let p be n(-5). Let v be (-4)/(-14) - p/42. Let f(b) = -2*b. Determine f(v).
2
Let o = 4 + -14. Let s be 46/o + 30/50. Let z(u) be the second derivative of -u**4/12 - 2*u**3/3 - u**2/2 - u. Give z(s).
-1
Let o(v) = -v + 2. Let a be o(5). Let u be -3*1*2/a. Let b(p) = 4*p - u*p**2 + p**2 + 5 - 5. Determine b(3).
3
Let p(v) = v + 14 + 3*v - 2*v - 3*v. Let s(g) = 4*g - 55. Let b(i) = 9*p(i) + 2*s(i). Determine b(7).
9
Let y(j) = -3*j**3 - 10*j**2 - 6*j - 11. Let z be 0 + 9/(45/(-20)). Let a(r) = 5*r**3 + 19*r**2 + 12*r + 21. Let d(g) = z*a(g) - 7*y(g). Determine d(7).
0
Let s(h) = h - 2. Let y be (-19)/2 - 13/26. Calculate s(y).
-12
Let o(q) = q + 7. Let d(y) = 3*y + 20. Let k(f) = 3*d(f) - 8*o(f). Let a = -302 + 308. What is k(a)?
10
Let w(i) be the third derivative of i**6/120 + i**5/15 + i**4/24 - 5*i**3/6 - 465*i**2. What is w(-3)?
1
Let g(r) = -4 - 24*r - r**3 + 25*r - 2*r**2 + 0. Calculate g(-4).
24
Let v(h) = -3*h. Let t(n) = -12*n - 34. Let k be t(-3). Determine v(k).
-6
Let h(g) = g**3 - g**2 - 3*g - 1. Let x be h(3). Suppose -7*b + x*b - 17 = 0. Let c = b - 20. Let k(w) = -w**3 - w**2 + 4*w. Calculate k(c).
6
Let j(k) = -3*k + k - k + 9*k - 5*k. Determine j(5).
5
Suppose -27 = 4*r - 23. Let s(p) = p + 1. What is s(r)?
0
Let u(n) = 7*n - 7. Let p(r) = -r**2 + 5*r - 4. Let g be p(0). Let m(y) = -16*y + 15. Let i(t) = g*m(t) - 9*u(t). Determine i(0).
3
Let q be -5 - 68/(-12) - 14/(-6). Let t(d) = -3 + d**2 + 0*d - 6*d**2 + d**2 - q*d. Determine t(-2).
-13
Suppose 5*h - 5*m + 10 = 0, 4*h - 3*m = -4 - 7. Let n(k) be the third derivative of k**6/120 + k**5/15 - 7*k**4/24 - k**3/3 - 62*k**2. Give n(h).
8
Let h = -19 - -21. Let r(b) = -423*b**3 + 422*b**3 - b**2 - 3*b - 3*b**h. Give r(-3).
0
Let u(j) = j**3 - 3*j**2 - 2*j + 0*j**3 + 3*j. Let n = -434 - -435. Calculate u(n).
-1
Suppose 40*r - 21*r = -228. Let i(m) = m**3 + 11*m**2 - 12*m - 9. Determine i(r).
-9
Let k(x) = 26*x + 45. Let m be k(-2). Let a(z) = -2*z**2 - 13*z + 2. Determine a(m).
-5
Let r = 2 - 0. Suppose -5*g + 8 = -r. Suppose 2*l = -2*c - 0*c - 6, -4*l - g*c = 16. Let y(f) = -f**3 - 4*f**2 + 6*f + 4. Calculate y(l).
-1
Let t be 4 - 2/(-6)*0. Let x(w) = 2*w - 6. Let n(o) = -o + 5. Let y(c) = t*n(c) + 3*x(c). Let d(u) = 5*u - 30. Let j be d(5). Calculate y(j).
-8
Suppose 0 = -w + 6 - 8. Let f(u) = 12*u**2 - 1. Give f(w).
47
Suppose 0 = 593*a - 594*a - 4. Let g(u) = 2 + 2 + 13*u - 6. Let z(r) = -7*r + 1. Let j(q) = -6*g(q) - 11*z(q). Give j(a).
5
Let g = 16 - 12. Suppose g*j - 19 = 2*m - m, 3*m + 36 = 5*j. Let q(i) = -2*i - 7. Give q(m).
7
Let b(y) be the second derivative of -y**5/20 - y**4/2 - 5*y**3/6 + 5*y**2/2 - y. Suppose 7*k - 2*k + 4*z + 29 = 0, -4*z + 1 = -k. Calculate b(k).
5
Let o(z) = z + 1. Let w(y) = 3. Let v(r) = -2*o(r) + w(r). Let n be 2 - (6 - (-1 + 1)). Calculate v(n).
9
Let i(g) = -5*g**3 + 2*g - 1. Let p = 9 + -6. Suppose 6 = z - j - 9, -z - 5 = p*j. Let w = -9 + z. What is i(w)?
-4
Let o(l) = -4*l + 3. Suppose -121*j = -119*j + 4. Let t be 3*((-2)/4 + j/4). What is o(t)?
15
Suppose 3*r = 1364 - 1343. Let t(y) = 3*y - 16. Calculate t(r).
5
Let p(v) = v**3 + 7*v**2 - 7*v + 8. Let a be p(-8). Suppose r + 0 - 4 = a. Let q(i) = 1 - 7*i - r + 4*i. Determine q(-5).
12
Let l(j) = -j**2 - 6*j - 11. Suppose -78 = -15*k - 1